4 + 424 = 0. Suppose y - 1451 = -6*w. What is the units digit of w?
6
Let f(n) = 18*n**2 - 5*n. Let g be (-22)/(-4)*98/539. What is the units digit of f(g)?
3
Let d(n) = -64*n**3 - 2*n**2 - 3*n - 2. Let h be (-1)/((-2)/(-1) - 1). Let m be d(h). What is the tens digit of (0 + 4)/16 + m/4?
1
Suppose 3467 - 75 = 16*w. Let p = w + -170. What is the tens digit of p?
4
What is the tens digit of 4108/6*(24/(-21) + 8430/210)?
0
Let k = -81 - -63. Let l = k + 2. What is the tens digit of l/6*(-357)/28?
3
Let h(p) = -30*p - 60. Let n be h(-22). Suppose -5*k + 1010 = -5*w, 3*w + 2*w = 3*k - n. What is the hundreds digit of k?
2
Let s be (7 - (-15)/(-10))*2. Suppose 5*g + 4*b - 1869 = 0, 14*g - s*g + 4*b = 1123. What is the hundreds digit of g?
3
Let w be 2*2*7/2. Let t(x) be the third derivative of x**6/120 - 7*x**5/30 + 13*x**4/24 - x**3/6 + 228*x**2. What is the tens digit of t(w)?
8
Let n = 3235 + 14204. What is the ten thousands digit of n?
1
Let o = -386 - -455. Let w = 251 - o. What is the tens digit of w?
8
Let q(f) = 733*f - 6345. What is the tens digit of q(38)?
0
Let f = 401 - 151. Suppose -2*t - 2*h + f = 0, -3*t + 8*h - 6*h = -400. What is the tens digit of t?
3
Suppose 0 = 41*i - 52*i - 28956 + 88829. What is the hundreds digit of i?
4
Suppose 0 = -3*m - 2*u + 87955, -2*u + 15 = 17. What is the thousands digit of m?
9
Let u = -16476 - -24732. What is the tens digit of u?
5
Let r(u) = -970*u + 5450. What is the tens digit of r(-34)?
3
Suppose 4*h - 24*r = -21*r + 404, 0 = -h + r + 100. What is the tens digit of h?
0
Let q = -638 + 203. Let i = -204 - q. What is the units digit of i?
1
Suppose 4*j + 5291 = -2*j + 37883. What is the thousands digit of j?
5
What is the units digit of 5/((-127185)/(-42385) + -3) - 10/60?
4
Let m = -315 - -323. What is the tens digit of 5120/(-6)*(5 - 52/m)?
8
Let p(o) = 7*o**3 + o**2 - 17*o - 18. Let h(v) = -v**3 + v**2 + 1. Let n be 10/45 + 11/(-9). Let i(g) = n*p(g) - 6*h(g). What is the units digit of i(-10)?
2
Let q be ((-9)/(-6))/(3/106). Let c = 149 + q. What is the tens digit of c?
0
Suppose -p = -2*k + 56342, -41*k - 84517 = -44*k + 2*p. What is the tens digit of k?
6
Let g be -1 + ((-2)/(-4))/(7/14). Suppose g = 3*i - i - 4. Suppose -3*r + i*r = -11. What is the units digit of r?
1
Suppose 13*m + 20*m - 103884 = 0. What is the hundreds digit of m?
1
Let p(b) = -108*b + 41. Let l be p(-5). What is the hundreds digit of l/63*6*18?
9
Suppose -7*d + 1028 = -5825. Let z = 1718 - d. What is the tens digit of z?
3
Let r(k) = -145*k. Let i(b) = 4*b - 73. Let p(l) = 21*l - 3. Let z be p(1). Let j be i(z). What is the units digit of r(j)?
5
Let f(i) = -1093*i - 386. What is the units digit of f(-8)?
8
Let b(l) = l - 20. Let w be b(15). What is the units digit of (-2)/4 - (w + 5742/(-12))?
3
Let r = -55778 + 133523. What is the units digit of r?
5
Let f(d) = -2*d + 31. Let c(t) = 2*t - 31. Let x(y) = 3*c(y) + 4*f(y). Let h be x(18). Let w(g) = -10*g - 4. What is the units digit of w(h)?
6
Suppose 0 = 5*m - 3732 - 1678. Suppose 3*p + n + 143 = m, -1565 = -5*p - n. What is the tens digit of p?
1
Let b = 18557 - 10494. What is the units digit of b?
3
Let k(q) = q**3 - 6*q**2 + 2*q - 11. Let p = -28 + 69. Let c = p + -33. What is the hundreds digit of k(c)?
1
Suppose -4*y + 5*f - 109 + 1038 = 0, -y + 236 = -5*f. What is the tens digit of y?
3
Suppose -164*z + 873768 = -103*z - 841735. What is the ten thousands digit of z?
2
Suppose 4*v - 25 = 3. Let c(n) = 15*n**2 - 6*n + 11 - 5*n**2 + v*n**2. What is the hundreds digit of c(4)?
2
Let q(b) = -b**2 + 37*b + 5. Let u be q(17). Suppose 390 = 3*c - u. What is the units digit of c?
5
Let h(b) = 1017*b - 5961. What is the units digit of h(12)?
3
Suppose -18*h - 2*h + 60 = 0. What is the tens digit of 14298/48 + h/24?
9
Let h = 2435 + 615. What is the thousands digit of h?
3
Let m(o) = 12*o**2 - 13*o + 33. Suppose 7*i = 9*i - 10. What is the units digit of m(i)?
8
Let r(n) = -5 + 2*n**2 + 31*n + 13 - 9 - 6. What is the units digit of r(-31)?
4
Let f(n) = n + 55. Let z be f(13). Let q = z - -6. What is the units digit of q?
4
What is the thousands digit of 6 - (4 + 10/(10/(-9729)) + -6)?
9
Suppose -41*b + 38*b - c = -143113, -2*c + 143117 = 3*b. What is the thousands digit of b?
7
Let k(l) = 1311*l + 98. What is the units digit of k(10)?
8
Let w = -1271 + 722. Let h = 1322 + w. What is the tens digit of h?
7
Let r(z) = z**3 - 6*z**2 + 4*z + 5. Let f be r(5). What is the units digit of 4 + f - (-67 - -7)?
4
Suppose -2*s + 4*v - 26 = -4*s, -36 = -3*s - 5*v. Suppose -968 = -s*l + 691. What is the tens digit of l?
3
Let t(x) = -14*x**3 - 12*x**2 - 13*x + 5. What is the ten thousands digit of t(-10)?
1
Suppose -410 = -64*o + 23*o. Suppose 0 = 2*g - 5*z + 15, g - 1 + 7 = 2*z. Suppose g = 6*b - o*b + 28. What is the units digit of b?
7
Let u(h) = -17*h**2 + 4*h**3 - 15*h - 21 - 2*h**3 - 3*h**3. Let l be u(-16). Let o = 88 + l. What is the units digit of o?
1
Let s be (14/21)/(8/4452). Suppose -365*o = -s*o + 3072. What is the tens digit of o?
1
Let p = -359 - -325. What is the units digit of p/5*(7 + -12)?
4
Let a(y) = 4*y**2 - 14*y - 3. Let o be a(4). What is the units digit of -2*o/35 + (-568)/(-28)?
0
Suppose 39*v = 33*v + 1578. Let m = v - 200. What is the units digit of m?
3
Suppose 18*h = -31*h - 2205. What is the tens digit of (-40269)/h + (-4)/(-30)?
9
Let o(t) = 161*t**2 - t + 2. Let y be o(-1). Suppose -2*p + 4*p - y = -2*a, 5*p - a - 386 = 0. What is the units digit of p?
8
Suppose -k + 4 = 0, -2*p + 1919*k = 1914*k - 24394. What is the hundreds digit of p?
2
Suppose -2*h + 49 = z, -3*h = -0*z - z - 76. Let c be h/(-2)*-1*(-4)/(-5). Let s(g) = 12*g - 47. What is the tens digit of s(c)?
7
What is the tens digit of (((-6)/(-8))/(60/(-32)))/(2/(-38460))?
9
Suppose 235022 = 4*w - 2137*g + 2134*g, 4*w = -3*g + 235010. What is the units digit of w?
4
Suppose 3*o - 13825 = 54152. What is the tens digit of o?
5
Let u be 0/1 + 23/(138/300). Suppose u*f - 2530 = 45*f. What is the hundreds digit of f?
5
Suppose 3*n - 2*v - 11 = 0, 0 = 4*n - 5*v + 21 - 38. Suppose p + h - 91 = 0, 97 = 4*p - n*p - 5*h. What is the units digit of p?
2
Let i(a) = -5*a**2 + 5*a - 3. Let l be i(-16). Let f = l + 1933. What is the units digit of f?
0
Suppose -d + 2*d + 5*o - 47 = 0, -4*o = -4. Let g be 5658/d + 4/14. Suppose 4*m + g - 191 = 0. What is the tens digit of m?
1
What is the tens digit of -14745*(-2)/(-20)*(62 + -76)?
4
Suppose 2*c - 67*z + 60*z = 14536, 0 = c - 5*z - 7274. What is the hundreds digit of c?
2
Let t be 0*(-2 - -1)/(-1). Let z(g) = -6*g**3 + 5*g**3 + g + 203*g**2 - 106*g**2 + 108 - 99*g**2. What is the hundreds digit of z(t)?
1
Suppose -2*g + 9387 - 31519 = -2*j, -4*g + 22108 = 2*j. What is the thousands digit of j?
1
Let y(c) = -c**3 - 18*c**2 - 33*c + 18. Let x be y(-18). Let j = 132 + x. What is the units digit of j?
4
Let o = 68174 - 48403. What is the ten thousands digit of o?
1
Let y = 647 - 645. Suppose y*s - s = 1328. What is the hundreds digit of s?
3
Let o(q) = -q**3 + 2*q**2 - 3. Let y be o(0). Let h be -29*-1*(-1 - y - 1). Suppose 389 = 10*j + h. What is the tens digit of j?
3
Suppose 6*l + 2601 - 10869 = 0. Suppose -2*h - l = -4*w - 4*h, -5*h = w - 367. What is the tens digit of w?
4
Suppose -4*h + u - 453 = 0, -5*h - 5*u - 357 = -2*h. Let a = h - -161. What is the units digit of a?
7
Let w = 8093 + 17536. What is the thousands digit of w?
5
Suppose -2*l + 1019 - 55 = 0. Let t = 806 - l. What is the hundreds digit of t?
3
Let v = 1290 + 1866. What is the units digit of v?
6
Let o be 565 + -5 + 0 + 1. Suppose 8*a + 17 = o. Let n = -41 + a. What is the units digit of n?
7
Let k(u) = 70*u**2 - 10*u - 25. Let y be k(-2). Let n = y + 376. What is the units digit of n?
1
Let u(f) = 31332*f + 201. What is the ten thousands digit of u(1)?
3
Let y be 1*(52 + -7 + 0). Suppose 117 = 9*c - y. What is the tens digit of c?
1
Let b = 725 - 478. Suppose -8*t + 1193 = -b. What is the tens digit of t?
8
Let t(s) = 2*s**3 - 12*s**2 + 20*s - 166. What is the hundreds digit of t(16)?
2
Let v = -168 + 156. Let q(l) = -l**3 - 9*l**2 - 8*l + 22. What is the hundreds digit of q(v)?
5
Let v = 512 + -857. Let y be (-138)/v - ((-96)/10 - 1). What is the tens digit of (y + 32/(-8))*12/7?
1
Sup